) = g**3 + 37*g**2 - 34*g + 358. Give i(-38).
206
Let z(f) = -f**3 - 63*f**2 - 123*f - 68. Determine z(-61).
-7
Let d(y) = 1097*y - 5519. Give d(5).
-34
Let d(y) = -3*y**2 + 68*y + 29. What is d(23)?
6
Let j(n) = 2*n + 138. Give j(-74).
-10
Let i(f) = 20*f - 245. What is i(7)?
-105
Let m(x) = 95*x**3 + 73*x**2 + 78*x + 4. Calculate m(-1).
-96
Let s(i) = 4*i**3 + 12*i**2 + 11*i. Calculate s(-2).
-6
Let h(t) = 70*t**2 - 14*t + 2. Determine h(2).
254
Let z(y) = y**2 - 90*y + 1965. Give z(36).
21
Let b(c) = -144*c**2 - 3449*c + 170. Give b(-24).
2
Let p(k) = -12*k + 8. Determine p(-18).
224
Let r(q) = -203*q - 3. Calculate r(0).
-3
Let w(u) = -u**3 + 31*u**2 + 61*u + 324. Calculate w(33).
159
Let y(q) = 73*q**3 + 3*q**2 + 17*q + 11. Determine y(-2).
-595
Let y(b) = 2799*b + 265890. Calculate y(-95).
-15
Let z(c) = -40*c - 4614. Give z(-117).
66
Let t(z) = 2*z**3 + 4*z**2 - 3. Give t(-3).
-21
Let k(u) = -76*u - 2593. Calculate k(-34).
-9
Let o(g) = -67*g + 1168. Determine o(17).
29
Let x(k) = k**3 + 25*k**2 - 9. What is x(-25)?
-9
Let p(n) = -3*n**2 - 182*n - 1826. Calculate p(-48).
-2
Let w(k) = k**2 - 104*k + 1491. Determine w(17).
12
Let f(v) = 28*v**2 + 425*v + 86. What is f(-15)?
11
Let j(y) = 438*y + 4858. What is j(-11)?
40
Let v(h) = -19*h - 233. Calculate v(-55).
812
Let w(o) = -o**2 - 37*o - 137. Determine w(-34).
-35
Let p(x) = -12*x + 1205. Give p(62).
461
Let w(x) = -2*x**3 + 7*x**2 - 11*x. What is w(5)?
-130
Let q(a) = 7*a**2 + 90*a + 5. Give q(-12).
-67
Let g(d) = 9*d + 232. What is g(-8)?
160
Let p(k) = k**2 - 28*k + 57. Give p(26).
5
Let c(u) = u**3 + 2*u**2 + 7*u - 10. What is c(3)?
56
Let h(w) = -23*w**2 + 157*w + 26. Give h(7).
-2
Let c(l) = l**3 - 5*l**2 - 7*l + 8. Calculate c(1).
-3
Let s(j) = -42*j + 61. What is s(6)?
-191
Let n(y) = 3*y**2 - 123*y - 2540. Give n(-15).
-20
Let a(s) = 127*s - 2456. Calculate a(20).
84
Let q(n) = -8*n - 877. What is q(-56)?
-429
Let j(w) = w**3 + 4*w**2 - 13*w + 1. Give j(-6).
7
Let y(i) = 69*i + 2009. What is y(-29)?
8
Let n(x) = 137*x + 1224. Determine n(-9).
-9
Let v(y) = y**2 - 68*y + 723. Give v(13).
8
Let t(w) = w**2 - 72*w - 83. Calculate t(72).
-83
Let q(f) = 16*f + 1109. Give q(-74).
-75
Let h(f) = f**3 - 285*f**2 + 379*f - 26983. Calculate h(284).
-3
Let m(i) = -3*i**2 - 96*i - 471. Calculate m(-26).
-3
Let h(w) = -29*w - 205. Calculate h(-4).
-89
Let q(h) = -h**2 + 241*h - 944. Give q(4).
4
Let g(a) = -a**2 + 77*a - 1214. Determine g(52).
86
Let q(s) = 194*s + 12228. What is q(-63)?
6
Let d(u) = -4*u**2 - 126*u - 12. Determine d(-31).
50
Let j(v) = -v**3 - 37*v**2 - 158*v + 74. Give j(-32).
10
Let i(n) = n**3 + 37*n**2 + 10*n + 122. Calculate i(-37).
-248
Let s(q) = -q**2 + 10*q + 18. Determine s(19).
-153
Let u(y) = y**3 - 9*y**2 + 10*y - 45. Give u(9).
45
Let l(j) = -j**3 + 40*j**2 - 2*j + 114. Give l(40).
34
Let h(b) = b**3 - 5*b**2 + 8*b - 149. Give h(6).
-65
Let p(u) = -u**2 - 652*u + 7293. What is p(11)?
0
Let n(h) = 13*h**2 - 186*h + 22. What is n(14)?
-34
Let b(t) = -t**3 - 178*t**2 - 7907*t + 477. What is b(-92)?
17
Let y(k) = -3*k**2 - 101*k - 83. Calculate y(-33).
-17
Let x(n) = -n**2 + 46*n - 122. Calculate x(35).
263
Let k(o) = -56*o + 609. Determine k(12).
-63
Let h(v) = -2*v**2 - 145*v - 2432. Calculate h(-25).
-57
Let s(d) = -d**2 + 53*d + 230. Give s(-4).
2
Let h(k) = -10*k**2 + 391*k - 27. Give h(39).
12
Let n(z) = 133*z - 443. Determine n(2).
-177
Let q(t) = 836*t - 4189. What is q(5)?
-9
Let w(v) = -16*v + 213. Determine w(15).
-27
Let k(s) = -2*s**3 + 301*s**2 - 3448*s - 267. Calculate k(138).
9
Let x(z) = z - 18. What is x(8)?
-10
Let d(s) = 165*s + 2787. What is d(-21)?
-678
Let g(c) = c**3 + 24*c**2 + 85*c - 48. What is g(-20)?
-148
Let b(a) = -a**3 + 12*a**2 - 16*a - 116. What is b(8)?
12
Let k(a) = 5*a**2 + 158*a - 85. Calculate k(-32).
-21
Let m(h) = 2*h**3 + 24*h**2 - 27*h - 524. What is m(-11)?
15
Let y(m) = -8*m**2 - 69*m + 709. What is y(6)?
7
Let u(b) = -8*b + 55. Determine u(0).
55
Let h(s) = 2*s**3 + 67*s**2 - 36*s + 23. Give h(-34).
91
Let a(u) = 156*u**2 + 6*u + 5. What is a(-1)?
155
Let c(q) = -11*q - 452. Give c(-26).
-166
Let x(u) = 2*u**3 + 7*u**2 - 41*u - 144. Determine x(-5).
-14
Let p(b) = 40*b - 21. Give p(-2).
-101
Let r(a) = -2*a**3 - 27*a**2 - 9*a + 70. Calculate r(-13).
18
Let i(u) = u**3 - 42*u**2 + 387*u - 16. What is i(28)?
-156
Let x(n) = -n**3 + 3*n**2 + 10*n + 11. Give x(6).
-37
Let r(b) = -821*b**2 - 171*b + 171. Give r(1).
-821
Let a(l) = 127*l + 2924. Give a(-23).
3
Let z(d) = -50*d + 410. Calculate z(8).
10
Let j(p) = -731*p - 739. What is j(-1)?
-8
Let r(x) = x**3 - x**2 + x - 93. Give r(5).
12
Let o(s) = 5*s**3 + 14*s**2 - 5*s - 17. Determine o(-3).
-11
Let s(h) = 145*h - 562. Give s(4).
18
Let r(v) = v**3 + 11*v**2 + 16*v + 115. Calculate r(-11).
-61
Let v(p) = -3*p + 256. Give v(12).
220
Let p(t) = 10*t**3 - 600*t**2 - 3*t + 176. Determine p(60).
-4
Let o(w) = 6*w**2 - 109*w + 26. Give o(19).
121
Let f(b) = -3*b**2 - 52*b - 211. Give f(-7).
6
Let a(n) = -444*n - 16078. Calculate a(-36).
-94
Let k(c) = -4*c**2 - 128*c - 7. What is k(-32)?
-7
Let b(u) = -u**2 + 26*u - 28. Calculate b(26).
-28
Let h(p) = -205*p - 601. Calculate h(-3).
14
Let k(y) = -y**2 + 43*y + 272. What is k(45)?
182
Let k(r) = -r**3 + 25*r**2 + 117*r + 65. Determine k(29).
94
Let k(l) = 2*l**2 - 24*l + 71. Calculate k(5).
1
Let b(c) = 3*c**2 - 3*c + 1. What is b(-1)?
7
Let t(o) = -19*o**3 - 546*o**2 + 145*o + 8. Give t(-29).
8
Let z(s) = -3*s**3 + 72*s**2 - 12*s + 328. What is z(24)?
40
Let z(g) = -2*g**3 - 44*g**2 + 58*g + 172. Calculate z(-23).
-104
Let x(s) = 24*s**2 - 213*s + 358. Give x(7).
43
Let p(b) = 27*b**2 - 11*b - 10. Give p(-1).
28
Let r(p) = 9*p - 225. What is r(29)?
36
Let c(s) = -s**2 - 82*s + 631. Give c(7).
8
Let l(k) = 88*k - 239. Calculate l(5).
201
Let m(t) = 10*t**2 - 16*t - 39. What is m(-4)?
185
Let p(f) = -f**2 - 53*f + 33. Give p(-53).
33
Let b(k) = k**3 - 15*k**2 - 12*k + 442. What is b(13)?
-52
Let k(f) = f**3 - f**2 - 13*f + 77. Determine k(0).
77
Let f(k) = 370*k - 21090. What is f(57)?
0
Let h(n) = n**3 + 21*n**2 - 45*n + 106. Determine h(-23).
83
Let a(d) = 99*d + 1716. What is a(-20)?
-264
Let n(m) = -97*m + 103. Give n(1).
6
Let t(n) = -21*n + 100. What is t(4)?
16
Let f(a) = a**2 - 464*a - 923. Determine f(-2).
9
Let m(j) = 7*j**2 - 17*j + 58. Calculate m(0).
58
Let w(l) = -102*l - 696. Determine w(-7).
18
Let n(u) = 65*u - 304. Determine n(5).
21
Let f(u) = 93*u**2 + 249*u + 133. Calculate f(-2).
7
Let s(t) = 227*t + 1402. What is s(-7)?
-187
Let c(x) = 49*x + 124. Determine c(-3).
-23
Let j(l) = -9*l**3 + 2*l**2 - 109*l - 229. Give j(-2).
69
Let x(b) = -82*b + 115. Calculate x(2).
-49
Let l(i) = 1846*i - 5533. What is l(3)?
5
Let x(m) = 2*m**2 - 14*m - 13. Calculate x(6).
-25
Let v(a) = -a**3 + 16*a**2 - 48*a - 100. Give v(11).
-23
Let r(f) = -37*f - 1880. Calculate r(-51).
7
Let s(b) = -74*b**2 + 5*b - 5. Calculate s(1).
-74
Let y(n) = 24*n**3 + 3*n**2 - 2*n - 5. Determine y(2).
195
Let z(l) = -14*l - 666. Calculate z(-38).
-134
Let l(r) = 3*r**2 - 42*r - 35. Calculate l(-1).
10
Let p(l) = l**3 - 25*l**2 - 59*l + 47. Give p(27).
-88
Let v(a) = 2*a**2 + 264*a + 1519. Determine v(-126).
7
Let s(z) = -z**3 + 93*z**2 - 132*z + 3672. Calculate s(92).
-8
Let i(z) = -841*z + 4208. Give i(5).
3
Let s(d) = -1667*d**2 - 5000*d - 5. Calculate s(-3).
-8
Let d(w) = 20*w + 2132. Determine d(-102).
92
Let n(k) = -8*k - 223. Determine n(-24).
-31
Let l(j) = -j**3 + 12*j**2 + 9*j + 28. Calculate l(13).
-24
Let n(y) = -5*y**2 + 35*y + 468. What is n(14)?
-22
Let d(g) = 6*g + 16. Determine d(-27).
-146
Let g(n) = 2*n**3 - 83*n**2 - 215*n - 207. What is g(44)?
13
Let k(b) = 22*b - 15. What is k(3)?
51
Let t(r) = r**2 + 10*r - 63. Calculate t(8).
81
Let u(b) = 5*b - 10. Determine u(48).
230
Let i(b) = -1916*b + 82415. What is i(43)?
27
Let u(i) = -i**2 - 16*i + 47. What is u(-19)?
-10
Let r(p) = 2*p**3 + 110*p**2 - 5*p - 123. What is r(-55)?
152
Let j(d) = 2*d**3 - 42*d**2 + 114*d - 118. Calculate j(18).
-10
Let h(j) = -j**2 - 425*j - 35837. What is h(-116)?
7
Let l(h) = 59*h - 6825. Determine l(116).
19
Let w(c) = 74*c + 1163. Give w(-16).
-21
Let m(f) = f**3 - 7*f**2 + 11*f - 19. Calculate m(8).
133
Let v(u) = 107*u + 596. Calculat